 What are the prime factors of n?
5
Suppose -232 = -4*m - 0*m. Suppose 2*j - 2 = 4*w - 54, m = 5*w + j. What are the prime factors of w?
2, 3
Let s(h) = -2*h**3 - h**2 + 4*h + 5. List the prime factors of s(-3).
2, 19
Suppose -328 = -5*n - 43. List the prime factors of n.
3, 19
Suppose -3*a = -3*u - 45, 0*a - 5*a - 5*u = -35. List the prime factors of a.
11
Suppose 4 = 3*p - 8. Let y be 3 - (2 + -3 + -1). Suppose v - 2*a = -p*a + y, 2*a = -8. List the prime factors of v.
13
Suppose -378 = -3*o + 132. List the prime factors of o.
2, 5, 17
Suppose 0 = -5*j - 5*l + 2*l - 20, -15 = 5*j + 4*l. Let c(o) = -o**3 - 6*o**2 + 6*o - 4. List the prime factors of c(j).
3
Let b(z) = z + 1. Let x(u) = 2*u. Let m be x(1). List the prime factors of b(m).
3
Let p be -42 - (-2 - 2)/(-4). Let d = -23 - p. List the prime factors of d.
2, 5
Let u be 4/((8/(-3))/(-4)). Suppose -4*i + 4*k + 112 = 0, 2*i = -2*k + u*k + 62. List the prime factors of i.
5
Let h = 6 + -1. Suppose -4*l - h*r + 26 = 0, 0*l + 2*l - 4*r = 0. What are the prime factors of l?
2
Let v(l) = -2*l**2 + l. Let g be v(-3). Let d be (-6)/(-21) + (-666)/g. Suppose 0*f = 4*f - d. What are the prime factors of f?
2
Let z(l) = l**2 - 6*l + 16. What are the prime factors of z(11)?
71
Let k = 8 + -17. Let q = k - -22. List the prime factors of q.
13
Let h(p) = -p**3 + 3*p**2 + p - 1. Let v be h(3). Let s(k) = k**2 - 2*k - 1. Let o be s(v). What are the prime factors of (0 + 1)*(o - -6)?
5
Let v = -150 + 403. List the prime factors of v.
11, 23
Suppose 5*f + 5*x - 105 = 0, -3*x + 99 = 5*f - x. Suppose a = 3*q + f, 3*a - a = -5*q - 50. List the prime factors of (36/q)/((-6)/8).
2, 3
Suppose -5*l + 3*l - 68 = 0. Let f = l - -48. What are the prime factors of f?
2, 7
Let v be -3 - (-2 - (3 + 1)). Suppose 4*p = -4*l + 24 - 0, -v*p + 18 = -3*l. List the prime factors of p.
2, 3
Let o(d) = -d**2 - 6*d - 2. Let x be o(-6). Let a = x - -2. Suppose 2*k = -s + 15, -k = -a - 4. List the prime factors of s.
7
Suppose 25 = 5*t, -d - 2*t = 3*d - 26. List the prime factors of d/((-2)/4*-1).
2
Suppose -4*o - 2*p + 160 = 0, 0*o + o = p + 37. What are the prime factors of o?
3, 13
Let g(c) = c**3 + 8*c**2 + 3*c - 9. List the prime factors of g(-6).
3, 5
Suppose -m - 2*m = 0. Suppose -v + 0*v + 9 = -3*b, 3*v - 5*b - 43 = m. What are the prime factors of v?
3, 7
Let g(n) = n**2 - 4*n + 9. Suppose 8*m - 13*m + 30 = 0. List the prime factors of g(m).
3, 7
Let v be (-5 - 5) + (2 - 1). Let k = v - -19. What are the prime factors of k?
2, 5
Let o(w) = 2*w**2 - 2*w - 2. Let g be o(-4). Let i = g - 14. Suppose -4*j - i = -76. What are the prime factors of j?
13
Let z = -65 - -138. Let n = z + -52. List the prime factors of n.
3, 7
Let t(g) = -g - 17. List the prime factors of t(-20).
3
Let q = 139 + 30. List the prime factors of q.
13
Let v(k) = 3*k**2 + 2*k + 237. List the prime factors of v(0).
3, 79
Suppose 4*x - 12 = -0*x. List the prime factors of x.
3
Let f be 24/(-6) - (-1 - 22). Let p = f + 2. What are the prime factors of p?
3, 7
Let v be 24/9 + (-2)/3. Let y(a) = 5*a + 3. Let b(m) = m + 1. Let p(h) = -12*b(h) + 3*y(h). What are the prime factors of p(v)?
3
Let u(w) = w - 1. Let x(z) = -3*z. Let m(o) = 6*u(o) + 3*x(o). List the prime factors of m(-7).
3, 5
Let w(z) = -5*z**2 - 8. Let x(n) = -9*n**2 - n - 15. Let a(u) = 11*w(u) - 6*x(u). Let j be a(4). Let q = -6 + j. What are the prime factors of q?
2
Let g(h) = -h**3 + 2*h**2 + 5*h - 4. Let u be g(3). Let z(y) = 2*y - 1. Let r be z(u). Let o = 5 - r. List the prime factors of o.
2
Let u = -2 + 5. Suppose -84 = -m - u*m. What are the prime factors of m?
3, 7
Suppose -d = d - 8. List the prime factors of 30/d*4/3.
2, 5
Let a = 55 - 104. Let j = a + 74. List the prime factors of j.
5
Let s(i) be the second derivative of -i**3/6 + 4*i**2 + 4*i. What are the prime factors of s(-8)?
2
Let p be (-3)/((-9)/6) - 26. Let x be ((-4)/(-10))/((-4)/380). Let y = p - x. List the prime factors of y.
2, 7
Let t = -19 - -128. What are the prime factors of t?
109
Suppose -5*a + 25 = 5*i, -11 = -0*i - i - 4*a. Suppose -33 - 27 = -i*k. List the prime factors of k.
2, 5
Let f(m) = -m**3 + m - 2. Let j be f(-2). Suppose 2*s - s - j = 4*n, 0 = -2*s - 5*n + 21. Let r(q) = q**2 - 7*q + 6. What are the prime factors of r(s)?
2, 7
Suppose -k + 26 = 4*f - 19, -2*k + 2*f + 120 = 0. What are the prime factors of k?
3, 19
Let a(u) = u + 6. Let b(s) = -2*s - 5. Let p(n) = 3*a(n) + 2*b(n). Let m be p(7). List the prime factors of 6 - 3 - (-1 - m).
5
Let i = 1 + 8. List the prime factors of i.
3
Let a(u) = 0 + u - 3 - 2 + 1 + u**2. List the prime factors of a(4).
2
Let p be 6 + 0 + (-4)/4. Let z = p + 1. What are the prime factors of z?
2, 3
Suppose 89 = 4*x + 25. List the prime factors of x.
2
Let g(z) = z**3 + 11*z**2 - z - 11. Let c be g(-11). Suppose 13 = b - c*b. What are the prime factors of b?
13
Let s be 1/(-4) + 58/8. Suppose -3*p + 8 = p. Suppose p*a + s = 27. What are the prime factors of a?
2, 5
Suppose 36 = l - 22. List the prime factors of l.
2, 29
What are the prime factors of (-1 - (-8 + 4))/(2/52)?
2, 3, 13
Let i(b) = -b**2 + 5*b + 2. Let z be i(7). List the prime factors of z*2*6/(-8).
2, 3
Suppose 35 = 4*d - 5*f, 5*d + 10*f - 5*f = 10. Let p be (20/2)/(3/6). Suppose p = -0*b + 5*b - d*g, 10 = 2*b - 4*g. What are the prime factors of b?
3
Suppose 0 = -3*a - q + 3, 0*q = 4*q + 12. Suppose a*s - 77 = 3. What are the prime factors of s?
2, 5
Let p = -4 + 4. Let q(s) = -s**3 + 2*s**2 + 2*s + 4. Let w be q(3). What are the prime factors of (-2)/w - (-9 - p)?
7
Let z = 14 + -10. Suppose -5*f + 23 + 22 = 5*k, z*k = -2*f + 20. What are the prime factors of f?
2
Let f = -36 + 60. List the prime factors of f.
2, 3
Let m = -19 - -27. Suppose -6 = -4*r + 2*r. Suppose 4*p + 5*q - 16 = 0, -2*q - 53 = r*p - m*p. What are the prime factors of p?
3
Suppose -4*i + 4 = -2*x + 3*x, 4*x + 3*i - 3 = 0. List the prime factors of 6 + -3 + 7 + x.
2, 5
Suppose 0 = -2*k - 2*k - 8, -k + 122 = 2*g. What are the prime factors of g?
2, 31
Let c be -1 + 0 + 3 + -4. Let v(x) = -13*x + 1. What are the prime factors of v(c)?
3
Let d(a) = -29*a**2 - 7*a + 7. Let b(q) = -86*q**2 - 20*q + 20. Let i(s) = -6*b(s) + 17*d(s). List the prime factors of i(1).
23
Suppose 16 = -3*a - 5*m, -3*m - 9 = -0*a + 2*a. Suppose 2*k + a*k = 50. List the prime factors of k.
2, 5
Suppose -v - 7 = -3*t, 0 = -4*t + 3*v + 2 - 1. Suppose 3*r = 4*r + 4*n - 14, -t*r = -2*n - 2. Suppose -r*c + 44 = 2*c. List the prime factors of c.
11
Suppose -2*a - 5*n + 19 = -a, n - 27 = -a. List the prime factors of a.
29
Let n be (2/(-5))/((-3)/195). Suppose 13 = f - 2*m, -2*m = -4*f + 2*f + n. List the prime factors of f.
13
Let h(n) = 3*n**2 + 3*n. Let f(w) = w**2 + 4. Let i be f(0). Let u be h(i). Suppose -3*j = j - u. List the prime factors of j.
3, 5
Let g = -52 + 123. List the prime factors of g.
71
Let i = -5 - -7. Suppose -i*n = 2*p - 7*n - 37, -2*n = 6. List the prime factors of p.
11
Suppose -4*w = -4*o - 236, -4*o = -0*o - 12. What are the prime factors of w?
2, 31
Let j(a) = 6*a**2 - a - 1. List the prime factors of j(2).
3, 7
Let b = 29 - 6. Suppose c - 2 = 3, -3*c = 4*x - b. Suppose 0 = x*d + 2 - 20. List the prime factors of d.
3
Let y be 1/(-3) + (-4)/(-12). List the prime factors of (-39)/6*(y - 2).
13
Suppose -3*b = -m - 90, -3*b + 3*m = 8 - 98. Suppose -3*c = -4*g + 61, 5*g + 3*c = 2*g + b. List the prime factors of g.
13
Let p(c) = c - 6. Let l be p(-5). Let n = 1 - l. What are the prime factors of n?
2, 3
Suppose -5*w + 20 = -0*w. Suppose w*p + 3*r - 32 = -0*p, -5*p = 5*r - 35. List the prime factors of p.
11
Let h be (-4 - -6) + (0 - 0). Let j = h + -1. Let w = 5 - j. List the prime factors of w.
2
Suppose 0 = -4*j + j. Suppose -4*l = l - 10, j = 5*y - 3*l - 79. What are the prime factors of y?
17
Suppose 0 = -z - 3, -10*z = 4*b - 8*z - 1010. What are the prime factors of b?
2, 127
Suppose -21 = -6*c + 3*c. List the prime factors of c.
7
Let h = -13 - -73. What are the prime factors of h?
2, 3, 5
Let o = 10 + -5. Suppose o*c = -5*p + 3*p + 10, 10 = 2*p + 4*c. List the prime factors of p.
5
Let b(z) = 4*z**2 - 11. What are the prime factors of b(6)?
7, 19
Suppose -10 = 2*h, 4*g - 3*g + 10 = -3*h. Suppose n - g*n + 36 = -2*l, 2*l = -4*n + 44.